{"id":3545,"date":"2025-10-29T15:11:10","date_gmt":"2025-10-29T14:11:10","guid":{"rendered":"https:\/\/eaudevigne.com\/wordpress\/?page_id=3545"},"modified":"2025-10-29T15:11:12","modified_gmt":"2025-10-29T14:11:12","slug":"terroir-nature-team-building-oenologie-bio-biodynamie","status":"publish","type":"page","link":"https:\/\/eaudevigne.com\/wordpress\/terroir-nature-team-building-oenologie-bio-biodynamie\/","title":{"rendered":"Terroir &#038; Nature : Team Building \u0152nologie Bio &#038; Biodynamie"},"content":{"rendered":"\n<p><strong>D\u00e9couvrez l&rsquo;essence du vin \u00e0 travers une exp\u00e9rience ludique et engag\u00e9e !<\/strong><\/p>\n\n\n\n<p>Offrez \u00e0 votre \u00e9quipe, vos clients, vos fournisseurs une parenth\u00e8se conviviale et instructive avec une <strong>animation in\u00e9dite type Bar \u00e0 Vins \/ Jeux<\/strong> orchestr\u00e9e par un <strong>un expert en oenologie sp\u00e9cialis\u00e9 en viticulture biologique et biodynamique<\/strong>.<\/p>\n\n\n\n<h4 class=\"wp-block-heading\">Au Programme : D\u00e9gustation, \u00c9changes &amp; Challenge<\/h4>\n\n\n\n<ol class=\"wp-block-list\"><li><strong>L&rsquo;Heure du Go\u00fbt et du Jeu (Bar \u00e0 Vins) :<\/strong><ul><li>La soir\u00e9e d\u00e9bute par des <strong>d\u00e9gustations comment\u00e9es et d\u00e9contract\u00e9es<\/strong> de vins s\u00e9lectionn\u00e9s pour leur qualit\u00e9 et leur engagement environnemental.<\/li><li><strong>Objectif :<\/strong> \u00c9veiller les sens et favoriser les \u00e9changes dans une ambiance chaleureuse. De petits <strong>challenges ludiques<\/strong> (reconnaissance d&rsquo;ar\u00f4mes, accords mets-vins express) rythmeront cette premi\u00e8re partie pour briser la glace.<\/li><\/ul><\/li><li><strong>Focus Naturel (Animation Bio &amp; Biodynamie) :<\/strong><ul><li>L&rsquo;ambiance passera de la convivialit\u00e9 au <strong>d\u00e9fi intellectuel<\/strong> avec un jeu interactif sur les <strong>secrets du bio et de la biodynamie<\/strong>.<\/li><li><strong>Th\u00e8mes abord\u00e9s :<\/strong> La certification, l&rsquo;impact sur le terroir, le r\u00f4le du calendrier lunaire, et les m\u00e9thodes naturelles (tisanes, pr\u00e9parations&#8230;).<\/li><li><strong>Format :<\/strong> Quiz  participatif et d\u00e9construction des id\u00e9es re\u00e7ues, pour permettre \u00e0 tous de comprendre <em>ce qui fait la diff\u00e9rence<\/em> dans le verre et dans la vigne.<\/li><\/ul><\/li><\/ol>\n\n\n\n<p><strong>L&rsquo;Animation &laquo;&nbsp;Terroir &amp; Nature&nbsp;&raquo; est l&rsquo;occasion parfaite pour :<\/strong><\/p>\n\n\n\n<ul class=\"wp-block-list\"><li><strong>Renforcer l&rsquo;esprit d&rsquo;\u00e9quipe<\/strong>.<\/li><li><strong>Sensibiliser<\/strong> vos invit\u00e9s aux enjeux d&rsquo;une consommation responsable.<\/li><li><strong>Apprendre<\/strong> de mani\u00e8re ludique aupr\u00e8s d&rsquo;un expert.<\/li><\/ul>\n\n\n\n<p><strong>Dur\u00e9e :<\/strong> 2H<\/p>\n\n\n\n<p><strong>Prestation incluant :<\/strong> La s\u00e9lection de vins biologiques\/biodynamiques, le mat\u00e9riel de d\u00e9gustation, l&rsquo;animation interactive par l&rsquo;\u0153nologue.<\/p>\n\n\n\n<p><strong>Faites de votre prochain team building un moment de partage, d&rsquo;apprentissage&#8230; et de plaisirs gustatifs responsables !<\/strong><\/p>\n\n\n\n<p><a href=\"mailto:romain.miller@eaudevigne.com\">Contact <\/a><\/p>\n","protected":false},"excerpt":{"rendered":"<p>D\u00e9couvrez l&rsquo;essence du vin \u00e0 travers une exp\u00e9rience ludique et engag\u00e9e ! Offrez \u00e0 votre \u00e9quipe, vos clients, vos fournisseurs une parenth\u00e8se conviviale et instructive avec une animation in\u00e9dite type Bar \u00e0 Vins \/ Jeux orchestr\u00e9e par un un expert en oenologie sp\u00e9cialis\u00e9 en viticulture biologique et biodynamique. Au Programme : D\u00e9gustation, \u00c9changes &amp; Challenge &hellip; <\/p>\n<p class=\"link-more\"><a href=\"https:\/\/eaudevigne.com\/wordpress\/terroir-nature-team-building-oenologie-bio-biodynamie\/\" class=\"more-link\">Continuer la lecture<span class=\"screen-reader-text\"> de &laquo;&nbsp;Terroir &#038; Nature : Team Building \u0152nologie Bio &#038; Biodynamie&nbsp;&raquo;<\/span><\/a><\/p>\n","protected":false},"author":1,"featured_media":3542,"parent":0,"menu_order":0,"comment_status":"closed","ping_status":"closed","template":"","meta":{"footnotes":""},"class_list":["post-3545","page","type-page","status-publish","has-post-thumbnail","hentry"],"_links":{"self":[{"href":"https:\/\/eaudevigne.com\/wordpress\/wp-json\/wp\/v2\/pages\/3545","targetHints":{"allow":["GET"]}}],"collection":[{"href":"https:\/\/eaudevigne.com\/wordpress\/wp-json\/wp\/v2\/pages"}],"about":[{"href":"https:\/\/eaudevigne.com\/wordpress\/wp-json\/wp\/v2\/types\/page"}],"author":[{"embeddable":true,"href":"https:\/\/eaudevigne.com\/wordpress\/wp-json\/wp\/v2\/users\/1"}],"replies":[{"embeddable":true,"href":"https:\/\/eaudevigne.com\/wordpress\/wp-json\/wp\/v2\/comments?post=3545"}],"version-history":[{"count":2,"href":"https:\/\/eaudevigne.com\/wordpress\/wp-json\/wp\/v2\/pages\/3545\/revisions"}],"predecessor-version":[{"id":3547,"href":"https:\/\/eaudevigne.com\/wordpress\/wp-json\/wp\/v2\/pages\/3545\/revisions\/3547"}],"wp:featuredmedia":[{"embeddable":true,"href":"https:\/\/eaudevigne.com\/wordpress\/wp-json\/wp\/v2\/media\/3542"}],"wp:attachment":[{"href":"https:\/\/eaudevigne.com\/wordpress\/wp-json\/wp\/v2\/media?parent=3545"}],"curies":[{"name":"wp","href":"https:\/\/api.w.org\/{rel}","templated":true}]}}