{"id":3182,"date":"2021-10-04T18:09:20","date_gmt":"2021-10-04T16:09:20","guid":{"rendered":"https:\/\/eaudevigne.com\/wordpress\/?page_id=3182"},"modified":"2023-11-28T14:43:55","modified_gmt":"2023-11-28T13:43:55","slug":"devis-reconnais-sens","status":"publish","type":"page","link":"https:\/\/eaudevigne.com\/wordpress\/devis-reconnais-sens\/","title":{"rendered":"&laquo;&nbsp;Reconnais-sens&nbsp;&raquo;"},"content":{"rendered":"\n<figure class=\"wp-block-image size-full\"><img loading=\"lazy\" decoding=\"async\" width=\"1024\" height=\"1024\" src=\"https:\/\/eaudevigne.com\/wordpress\/wp-content\/uploads\/2023\/11\/02c11163-a822-4bdc-8919-52f655b72a16.jpg\" alt=\"\" class=\"wp-image-3483\" srcset=\"https:\/\/eaudevigne.com\/wordpress\/wp-content\/uploads\/2023\/11\/02c11163-a822-4bdc-8919-52f655b72a16.jpg 1024w, https:\/\/eaudevigne.com\/wordpress\/wp-content\/uploads\/2023\/11\/02c11163-a822-4bdc-8919-52f655b72a16-300x300.jpg 300w, https:\/\/eaudevigne.com\/wordpress\/wp-content\/uploads\/2023\/11\/02c11163-a822-4bdc-8919-52f655b72a16-150x150.jpg 150w, https:\/\/eaudevigne.com\/wordpress\/wp-content\/uploads\/2023\/11\/02c11163-a822-4bdc-8919-52f655b72a16-768x768.jpg 768w, https:\/\/eaudevigne.com\/wordpress\/wp-content\/uploads\/2023\/11\/02c11163-a822-4bdc-8919-52f655b72a16-100x100.jpg 100w\" sizes=\"auto, (max-width: 767px) 89vw, (max-width: 1000px) 54vw, (max-width: 1071px) 543px, 580px\" \/><\/figure>\n\n\n\n<p> Une promenade ludique en pleine nature \u00e0 la d\u00e9couverte des plantes  sauvages comestibles  en partenariat avec <a href=\"https:\/\/eaudevigne.com\/wordpress\/\">le temps des savoirs faire<\/a>  (1h30)<br>+<br>Un atelier \u0153nologique interactif en for\u00eat autour d\u2019une d\u00e9gustation de vins \u00e0 caract\u00e8re \u00e9cologique,   (1h30) <\/p>\n\n\n\n<p>D\u00e9part Arr\u00eat du Tram 13 &laquo;&nbsp;Les sablons&nbsp;&raquo; 20mn avant.  (Ligne Saint Germain en Laye &#8211; Saint Cyr L&rsquo;Ecole)<\/p>\n\n\n\n<p>Ais\u00e9ment report\u00e9 en cas de pluie <\/p>\n\n\n\n<figure class=\"wp-block-image size-large\"><img loading=\"lazy\" decoding=\"async\" width=\"974\" height=\"330\" src=\"https:\/\/eaudevigne.com\/wordpress\/wp-content\/uploads\/2022\/11\/b2.jpg\" alt=\"\" class=\"wp-image-3285\" srcset=\"https:\/\/eaudevigne.com\/wordpress\/wp-content\/uploads\/2022\/11\/b2.jpg 974w, https:\/\/eaudevigne.com\/wordpress\/wp-content\/uploads\/2022\/11\/b2-300x102.jpg 300w, https:\/\/eaudevigne.com\/wordpress\/wp-content\/uploads\/2022\/11\/b2-768x260.jpg 768w\" sizes=\"auto, (max-width: 767px) 89vw, (max-width: 1000px) 54vw, (max-width: 1071px) 543px, 580px\" \/><\/figure>\n\n\n\n<figure class=\"wp-block-image size-large\"><img loading=\"lazy\" decoding=\"async\" width=\"1024\" height=\"485\" src=\"https:\/\/eaudevigne.com\/wordpress\/wp-content\/uploads\/2022\/11\/2-1024x485.jpg\" alt=\"\" class=\"wp-image-3278\" srcset=\"https:\/\/eaudevigne.com\/wordpress\/wp-content\/uploads\/2022\/11\/2-1024x485.jpg 1024w, https:\/\/eaudevigne.com\/wordpress\/wp-content\/uploads\/2022\/11\/2-300x142.jpg 300w, https:\/\/eaudevigne.com\/wordpress\/wp-content\/uploads\/2022\/11\/2-768x363.jpg 768w, https:\/\/eaudevigne.com\/wordpress\/wp-content\/uploads\/2022\/11\/2-1536x727.jpg 1536w, https:\/\/eaudevigne.com\/wordpress\/wp-content\/uploads\/2022\/11\/2-scaled.jpg 2048w\" sizes=\"auto, (max-width: 767px) 89vw, (max-width: 1000px) 54vw, (max-width: 1071px) 543px, 580px\" \/><\/figure>\n\n\n\n<iframe loading=\"lazy\" class=\"airtable-embed\" src=\"https:\/\/airtable.com\/embed\/app55nG54LPbMWNHI\/shrF9reA55B5vjHOS?backgroundColor=yellow\" frameborder=\"0\" onmousewheel=\"\" width=\"100%\" height=\"1500\" style=\"background: transparent; border: 1px solid #ccc;\"><\/iframe>\n","protected":false},"excerpt":{"rendered":"<p>Une promenade ludique en pleine nature \u00e0 la d\u00e9couverte des plantes sauvages comestibles en partenariat avec le temps des savoirs faire (1h30)+Un atelier \u0153nologique interactif en for\u00eat autour d\u2019une d\u00e9gustation de vins \u00e0 caract\u00e8re \u00e9cologique, (1h30) D\u00e9part Arr\u00eat du Tram 13 &laquo;&nbsp;Les sablons&nbsp;&raquo; 20mn avant. (Ligne Saint Germain en Laye &#8211; Saint Cyr L&rsquo;Ecole) Ais\u00e9ment &hellip; <\/p>\n<p class=\"link-more\"><a href=\"https:\/\/eaudevigne.com\/wordpress\/devis-reconnais-sens\/\" class=\"more-link\">Continuer la lecture<span class=\"screen-reader-text\"> de &laquo;&nbsp;&laquo;&nbsp;Reconnais-sens&nbsp;&raquo;&nbsp;&raquo;<\/span><\/a><\/p>\n","protected":false},"author":1,"featured_media":0,"parent":0,"menu_order":0,"comment_status":"closed","ping_status":"closed","template":"","meta":{"footnotes":""},"class_list":["post-3182","page","type-page","status-publish","hentry"],"_links":{"self":[{"href":"https:\/\/eaudevigne.com\/wordpress\/wp-json\/wp\/v2\/pages\/3182","targetHints":{"allow":["GET"]}}],"collection":[{"href":"https:\/\/eaudevigne.com\/wordpress\/wp-json\/wp\/v2\/pages"}],"about":[{"href":"https:\/\/eaudevigne.com\/wordpress\/wp-json\/wp\/v2\/types\/page"}],"author":[{"embeddable":true,"href":"https:\/\/eaudevigne.com\/wordpress\/wp-json\/wp\/v2\/users\/1"}],"replies":[{"embeddable":true,"href":"https:\/\/eaudevigne.com\/wordpress\/wp-json\/wp\/v2\/comments?post=3182"}],"version-history":[{"count":0,"href":"https:\/\/eaudevigne.com\/wordpress\/wp-json\/wp\/v2\/pages\/3182\/revisions"}],"wp:attachment":[{"href":"https:\/\/eaudevigne.com\/wordpress\/wp-json\/wp\/v2\/media?parent=3182"}],"curies":[{"name":"wp","href":"https:\/\/api.w.org\/{rel}","templated":true}]}}